en 207 is divided by t?
7
Let l(f) = 2*f**2 - 13*f - 2. Let h be l(7). Suppose y - 4 = h. Suppose 131 = y*t + 5. Calculate the remainder when 83 is divided by t.
13
Let r be 6220/14 + 2/(-7). Suppose r = -m + 468. Suppose 39 = 5*t - 2*t. Calculate the remainder when m is divided by t.
11
Let k(i) = 2*i**3 - 18*i**2 + 6*i + 28. Let a = 61 - 52. Calculate the remainder when 653 is divided by k(a).
79
Suppose 4*n + 569 - 1065 = 13356. Calculate the remainder when n is divided by 45.
43
Let c(x) = 0*x**3 - x - 12*x**2 + 2*x**3 - 8 - 3*x**3. Let w = -14 - -29. What is the remainder when w is divided by c(-12)?
3
What is the remainder when 501 is divided by 30/(-6) - (-1)/(588/(-198) + 3)?
25
Calculate the remainder when (8 - 248)*2*8/(-12) is divided by 41.
33
Let i = 830 + 2360. What is the remainder when i is divided by 97?
86
Let k(x) = 42*x + 362. What is the remainder when 116 is divided by k(-8)?
12
Suppose -5*y + 2*c = 27, -4*y + 11 = -7*y - 4*c. Let n be 3*(-4)/(-60) - 419/y. Suppose 2*k + n = 6*k. What is the remainder when 30 is divided by k?
9
Suppose 315 = 4*p - 5*s, -2*p + 5*s = -16 - 139. Suppose -4*w + 2*w = -p. Calculate the remainder when 4 - ((-15)/(-5) + -115) is divided by w.
36
Let a = -1217 + 1278. What is the remainder when 3475 is divided by a?
59
Suppose -4*n - 2*r - 2*r = 84, 4*n + 5*r + 83 = 0. What is the remainder when 2 + 101*(-3)/(-3) is divided by (77/n)/((14/(-20))/7)?
33
Let c = -1766 - -1928. What is the remainder when 330 is divided by c?
6
Let j = 807 - 629. Let a(c) = -c**2 - 5*c + 8. Let v be a(-6). Suppose 2*b - j = -v*d, -5*b + 530 = -3*d + 53. What is the remainder when b is divided by 16?
13
Let k be 2/(108/20 + -5). Suppose k*z + 129 = u, -3*u - 327 = -6*u - 5*z. What is the remainder when u is divided by 9?
6
Let j = -858047 + 858078. Suppose 34 - 462 = -2*w. What is the remainder when w is divided by j?
28
Let n = -2636 + 3313. What is the remainder when n is divided by 332?
13
Suppose -2*p + 8*p + 1200 = 0. Let v = p + 208. Calculate the remainder when 29 is divided by v.
5
Let s(r) = -2*r**3 - 94*r**2 - 88*r + 210. Calculate the remainder when 189 is divided by s(-46).
7
Let g(c) = 2*c**3 + 24*c**2 - c - 1. Calculate the remainder when 16 is divided by g(-12).
5
Let y(l) = l**2 + 21*l + 15. Let q be y(-24). Suppose 2*v + 4*p = 31 + 57, -3*p - q = -3*v. Calculate the remainder when v is divided by 9.
7
Let s(v) = v**3 + 3*v**2 - 26*v - 56. Calculate the remainder when 4530/9 - 3/9 is divided by s(-5).
23
Suppose -879 = -2*w - 267. What is the remainder when 4*4/(-32) + w/4 is divided by 11?
10
Suppose -4*q + 34 = -f + 12, -17 = f - 5*q. Let t = -32 - f. Let a = t + 23. What is the remainder when a is divided by 17?
16
Let t = 2729 - 2631. Let m = 100 - -5. Let g = m - t. What is the remainder when 26 is divided by g?
5
Let n = 139 + -241. Suppose 33*s + 1853 - 5483 = 0. Let b = n + s. What is the remainder when b is divided by 2?
0
Suppose 3*m = 4*w - 23515, m = 3*w - 4299 - 13331. What is the remainder when w is divided by 113?
112
Suppose -10*x + 421 = 8*x - 17*x. What is the remainder when x is divided by 62?
49
Let w be (316/237)/((-4)/42). What is the remainder when 150 is divided by (68/w)/(68/(-238))?
14
Calculate the remainder when 1 - ((-10)/(-105) + 211440/(-126)) is divided by 42.
41
Suppose 60*t - 167*t + 14231 = 0. Calculate the remainder when 354 is divided by t.
88
Suppose 2223 = -28*y - 2845. Let g = 190 + y. What is the remainder when 40 is divided by g?
4
Let v = -28543 + 28765. What is the remainder when v is divided by 14?
12
Let k = -21831 + 21920. What is the remainder when 405 is divided by k?
49
Suppose -5*k = 5*z - 410, -72 = -z - 0*k - 3*k. Suppose 4*v = -5*a + 113, 3*a - z = -3*v - 0*v. What is the remainder when v is divided by 17?
15
Suppose -4112 = -11*a + 2*a - 3608. Let n be (2/(-6) - -1)*-3. Calculate the remainder when a is divided by 14 + -1 + n + 1.
8
Suppose 3*y - 4*y + 5*f + 69 = 0, 3*f - 230 = -4*y. Calculate the remainder when 147 is divided by (1 - -4) + -12 + y.
43
Suppose 0 = 11*i - 10*i - 8. Let b(g) = 2*g**3 - 15*g**2 - 2*g - 18. What is the remainder when 597 is divided by b(i)?
27
Let p be ((-14)/(-5))/(16/40). Let b = 41 - p. Calculate the remainder when b is divided by 7/((-84)/120) - -29.
15
Let z be 30*((-4)/(-3))/2. What is the remainder when 47 is divided by 75/z*(-160)/(-24)?
22
Suppose -3*x = -49 + 13. Let u = -43 - -44. What is the remainder when u/(-1)*212/(-2) is divided by x?
10
Suppose 25*x - 324 = 7*x. Suppose 4*g = -5*l + 120, 0 = l - 0*l - 5*g - 53. Calculate the remainder when l is divided by x.
10
Suppose -3*j + 16 = -j + 2*q, -2*q = 4*j - 26. Suppose 10*l + j*r - 60 = 5*l, 4*r = 5*l - 42. Calculate the remainder when 38 is divided by l.
8
Calculate the remainder when 1759 is divided by ((-128)/36)/(3066/(-189) + 16).
15
Let p = -23258 + 23329. Calculate the remainder when p is divided by (8/8)/((-1)/(-15)).
11
Suppose 268 - 1852 = -264*q. Calculate the remainder when 365 is divided by q.
5
Let o = -229 + 443. Suppose 0 = -2*v - q + 486 - 68, 3*q - o = -v. Calculate the remainder when v is divided by 19.
18
Let g = 38156 + -38145. Calculate the remainder when g is divided by 0/(-1) - (0 - 7).
4
Let l(c) = c - 7*c**2 - 3796 + 3799 + c + 4*c**3 + 3*c**2. What is the remainder when 26 is divided by l(2)?
3
Suppose 0*m = m - 3. Let h = 0 + m. Suppose 3195 - 3411 = -24*g. What is the remainder when g is divided by h?
0
Let x(w) = -148*w + 2075. Calculate the remainder when x(12) is divided by 15.
14
Suppose -5*c - f + 43 + 36 = 0, -f = -4*c + 65. Suppose -581 = -i + 4*v, -i + 2*v + 318 + 259 = 0. What is the remainder when i is divided by c?
13
Let u = 491 + -461. What is the remainder when 1677 is divided by u?
27
Let q be 8/(-2) + 8 + 12. Let r = 18 - q. What is the remainder when 37 is divided by (50/(-25))/(2/(-40)*r)?
17
Let b(y) = y**2 + 3*y. Let k be b(4). Suppose 4*z - k = -3*z. Suppose -5*q = -5*j + 55, 0 = -j - 6*q + z*q + 2. Calculate the remainder when 13 is divided by j.
5
Suppose 244*u = -2012*u + 33840. Let h = 93 + -60. Calculate the remainder when h is divided by u.
3
Suppose 281*m + 8240 = 26812 + 3346. What is the remainder when m is divided by 20?
18
Calculate the remainder when (2/2 + -3)*(-74665)/218 is divided by 49.
48
What is the remainder when 2717 is divided by (40/18)/(454/32688)?
157
Let v = -17 - -30. Calculate the remainder when 3 + 2862/42 + (-24)/(-28) is divided by v.
7
Let u = -23 - -28. Suppose 4*d = 5*d - u. Suppose -10 = -5*s, -8 = -2*k + 2*s - 4*s. What is the remainder when d is divided by k?
1
Let l = 36 - 4. Suppose -3*w - 5*w = l. What is the remainder when 44 + (-1 - 3) + w is divided by 11?
3
Suppose 580 - 535 = 9*s. Suppose 10 = s*m, 5*d + 3*m + 0*m = 46. What is the remainder when 14 is divided by d?
6
Let z(y) = 45*y**2. Let t be z(2). Suppose 3*c = 4*b + 8*c - t, -3*b + 135 = 2*c. What is the remainder when 358 is divided by b?
43
Let u(z) = z**2 - 28*z**3 + 9 + 42*z**3 - 2*z - 16*z**3. Calculate the remainder when 44 is divided by u(0).
8
What is the remainder when (-10650)/(-8) - 9*(-2)/24 is divided by 8?
4
What is the remainder when -1 + 133 + (-2)/(-1) is divided by 4/((-32)/(-180))*144/120?
26
Let a = -2838 - -2868. Let j = 0 + 0. Suppose j*k + k = 59. Calculate the remainder when k is divided by a.
29
Suppose 45*f - 4*f = -26*f + 268. Calculate the remainder when 955 is divided by f.
3
Let n(w) = -7*w + 90. Let l be n(-13). Let h = -130 + l. Calculate the remainder when 148 is divided by h.
46
Suppose 61 = -4*n + 205. What is the remainder when 27/(-108)*36 - (-1 - 113) is divided by n?
33
Let l(x) = 12*x - 64. Let y be l(5). Calculate the remainder when 71 is divided by (-11)/((14/y)/7).
5
Suppose 6 = -g - 3*v, -g + 0*g - 14 = 5*v. What is the remainder when 103 is divided by (-8)/g*(9 + -21)?
7
Let o(a) = 7*a. Let r(b) = 61*b + 567. Calculate the remainder when o(5) is divided by r(-9).
17
Let a be (286/(-55))/(4/(-10)). Let k = 0 + a. Suppose -5*n + 6*t + 22 = 7*t, -3*n + 4*t = -4. What is the remainder when k is divided by n?
1
Let j = 6260 + -6242. Calculate the remainder when 16719 is divided by j.
15
Suppose -2*p - 74 = -84. Let r be (-17 - (2 - 2)) + p. What is the remainder 